01
Suppose 0 = -4*l + 24 - 20. Let k(p) = 232*p**2 - p + 1. List the prime factors of k(l).
2, 29
Suppose 0 = -2*l - 2*n - 482, -2*n = 2*l - 4*n + 498. Let v = l + 547. What are the prime factors of v?
2, 151
Let y(f) = 492*f + 1. Let d be y(1). Suppose -6*u - 61 = -d. Let x = -21 + u. List the prime factors of x.
3, 17
Suppose -3*o + 33431 - 3448 = 4*s, 2*o - 19994 = -4*s. What are the prime factors of o?
7, 1427
Let l be 30/(-12)*(-24)/(-15). Let s be (-99)/(-22) - (-6)/l. List the prime factors of (-69)/(2 - s/1).
3, 23
Let d be (((-567)/6)/9)/(6/(-8)). Suppose -2*l - 2 = -d. Suppose -2520 = -6*r - l*r. List the prime factors of r.
2, 3, 5, 7
Let b(w) = -w**3 - 11*w**2 - 15*w - 22. Let g be b(-9). What are the prime factors of g/2*(-6 + -12)*1?
3, 7
Let t(f) = -49*f + 25 + 45*f - 23 + 352*f**2. List the prime factors of t(1).
2, 5, 7
Suppose g + 1313 = 2*x, 4 = 5*g - 1. What are the prime factors of 14/(42/x)*(-14)/(-6)?
7, 73
Let c = 91 + -429. Let y be (2/(8/c))/((-3)/6). Suppose -2*q = f + f - 66, 5*f + 3*q = y. List the prime factors of f.
5, 7
Let g(i) be the second derivative of 0 - 25*i - 5/2*i**2 + 13/2*i**3. List the prime factors of g(1).
2, 17
Suppose -52*p + 50*p + 2380 = 0. Let q be p/2 - (2 - -1). List the prime factors of (2/8)/(4/q).
37
Let v(l) = 51*l - 2. Let g(b) = 154*b - 6. Let i(c) = 2*g(c) - 7*v(c). List the prime factors of i(-11).
541
Suppose -23*k = -19*k - 692. Let b = k - 124. List the prime factors of b.
7
Suppose 5*b - a = 9*b - 14, -4*b = -2*a - 20. Let r(o) = 5*o**3 + o**2 - 3*o + 20. List the prime factors of r(b).
2, 43
Let r = -18 + 24. Suppose r*z = 4*z - 2*i + 14, -5*i + 11 = -3*z. Suppose -3*n = -5*q + 7, 2*q + 0*q - n = z. What are the prime factors of q?
2
Suppose 2*m - 5*c - 7449 = 0, -5*m + 18579 = -1286*c + 1288*c. What are the prime factors of m?
3, 7, 59
Let j(p) = 3*p**3 - 13*p**2 - 12. What are the prime factors of j(16)?
2, 2237
Let c(p) = -728*p**3 - 2*p**2 + 4*p + 5. Let j = -5 - -4. List the prime factors of c(j).
727
Suppose 4*g + 1 + 15 = 0, -g = -j + 9. Suppose -254 = -j*b + 546. List the prime factors of b.
2, 5
Let j(x) = -39*x**3 - x**2 + 23*x**3 - x - 97*x**3. Let h(l) = l**3 + 28*l**2 + 171*l - 1. Let v be h(-19). What are the prime factors of j(v)?
113
Suppose r - 12978 = d, 0*r + d = -4*r + 51907. What are the prime factors of r?
19, 683
Let o(j) = j**3 + 31*j**2 + 68*j + 62. List the prime factors of o(-22).
2, 3, 487
Let t(i) = i**3 + 13*i**2 + 27*i - 17. Let a be t(-10). Suppose 0 = -a*l + 3463 + 7483. What are the prime factors of l?
2, 421
Let y(c) = -268*c - 50. Let n be y(9). Let l = -1650 - n. List the prime factors of l.
2, 7, 29
Let p = 25 + -39. Let b be (-578)/14 - 4/p. Let a = 83 + b. List the prime factors of a.
2, 3, 7
Let t be (-18 + 20)/(3/((-66)/(-4))). Let j(f) = 2*f**2 + 14*f - 59. What are the prime factors of j(t)?
337
Suppose -90 - 64 = -2*f. Let u = -49 + f. Let j = u - 14. List the prime factors of j.
2, 7
Let p = 284 + -149. Suppose -11*a = -p - 2021. List the prime factors of a.
2, 7
Suppose 0 = -6*a - 8*a + 28. Suppose -3*d = -6, -29*s + 32*s - 1324 = -a*d. List the prime factors of s.
2, 5, 11
Let p be ((1 - 4) + -3)/1. Let g be 3 + (-3)/p*4. List the prime factors of 4/g + 1930/25.
2, 3, 13
List the prime factors of -5 - 9 - 2*-6780.
2, 13, 521
Let n(p) = p**3 + 115*p**2 - 32*p - 1842. List the prime factors of n(-115).
2, 919
Suppose 0 = -20*g + 24*g + 76. List the prime factors of (g - -14) + (438 - 1).
2, 3
Suppose -15 = 5*j, -j = -3*x - 6*j - 45. What are the prime factors of (4 + -69)*(-2 + 36/x)?
2, 7, 13
Let a(b) = -74*b - 208. Suppose 49 + 21 = -5*i. What are the prime factors of a(i)?
2, 3, 23
Suppose 145656 = -25*z + 39*z. Suppose -3996 - z = -10*m. List the prime factors of m.
2, 3, 5
Suppose -50*o = -53*o + 6. What are the prime factors of (-2965)/(-10)*o + 0?
593
Suppose 7*g - 9*g + 8 = 0. Suppose 3*i = -4*c + 7, -g*c = -5*i - 10 - 21. What are the prime factors of (4/(-10))/(c/(-1460))?
2, 73
List the prime factors of (-7925 - -3)*(3 - (-380)/(-40)).
13, 17, 233
Suppose 0 = 5*u - 286 - 64. Suppose 2*g + 8 = 0, -5*s = -9*s - g - 4. Suppose -m - 4*r + 0*r + u = s, -3*m + r + 262 = 0. List the prime factors of m.
2, 43
Suppose 7 + 8 = 3*g. Let o be 65 - (3/g)/(3/(-15)). Let j = o - 15. What are the prime factors of j?
53
Let v be (-1)/(285/(-143) - -2). Let n = 203 + v. Suppose u - 17 = n. List the prime factors of u.
7, 11
Suppose -4514 - 2185 = -0*c - 3*c. List the prime factors of c.
7, 11, 29
Let f = -235 - -235. Let a = -326 - -461. Suppose f = -3*r + a + 12. List the prime factors of r.
7
Let i be -5*4/20*0. Suppose 3*r - 1817 = -n + 2651, 2*r + 2*n - 2984 = i. List the prime factors of r.
2, 3, 31
Suppose 2*l - 13848 = -2*s, 93*l - 89*l - 27700 = -2*s. What are the prime factors of l?
2, 3463
Let l(v) = v**3 + 13*v**2 - 5*v + 28. Suppose 2*r = -3*x - 80, -4*r - 126 - 16 = -3*x. Let t = r + 24. List the prime factors of l(t).
3, 31
Suppose -26*s + 106531 = 13321. List the prime factors of s.
3, 5, 239
Let d be -3 - -44 - (1 + -5). Suppose -2*v - 5*j - 6 = -v, 10 = -5*j. Suppose d - 421 = -v*a. List the prime factors of a.
2, 47
Let a = 4 - 3. Let f be (a + 0)*3 - 62. Let i = 97 - f. What are the prime factors of i?
2, 3, 13
What are the prime factors of (-8)/(-80) - (-300329)/10 - (1 + -6)?
2, 23, 653
Let x(q) = q**2 + 10*q - 9. Let g be x(-11). List the prime factors of -1*g*(-1)/(-2)*-55.
5, 11
Let p(v) = -24*v**3 - 5*v**2 - 17*v - 13. Let t(n) = -n**2 - n - 1. Let l(u) = -p(u) + 6*t(u). What are the prime factors of l(3)?
7, 97
Suppose 7*p + 11*p + 94*p - 1133440 = 0. What are the prime factors of p?
2, 5, 11, 23
Let v = -616 - -1063. Let k = v + -146. What are the prime factors of k?
7, 43
Suppose 5*z = 4*q - 5, 0 = -z + 2*z + 2*q - 13. Suppose s = 2*s - z. List the prime factors of -2 - (s + 1 + -81).
3, 5
Let y = -74 - -94. Suppose 7*r - y = 43. Suppose 0 = -r*v + 3*v + 60. List the prime factors of v.
2, 5
Suppose -22501 = -4*z - 10*p + 14033, -2*z - 2*p + 18258 = 0. What are the prime factors of z?
2, 3, 13
Suppose 23*v = 13*v + 30. Suppose 0 = j - 74 + 73, 4*j = -v*u + 124. List the prime factors of u.
2, 5
Let a = -5 + 70. Suppose -y = -170 - 171. Suppose 5*f - y = -3*r, -3*f + 4*r + 258 = a. List the prime factors of f.
67
Let f(l) = 2*l + 32. Let j be f(-14). Let g(a) = a**3 - 5*a**2 + 7*a - 10. Let u be g(j). List the prime factors of (58/4)/(u + (-12)/8).
29
Let z(c) = -2*c**3 - 24*c**2 - 100*c + 3. Let q be z(-14). Suppose -4*d = 247 - q. List the prime factors of d.
5, 97
Suppose 0 = 2*h, 2*y = 12*h - 10*h + 7278. Suppose 5*n + 1212 = 5*w - 3368, n - y = -4*w. What are the prime factors of w?
911
Suppose -4*i + 17*b - 14*b + 41130 = 0, 4*i = -2*b + 41160. List the prime factors of i.
3, 127
Let v = 45 - 41. Suppose -18 - 5 = x - 2*r, 3*x = v*r - 61. What are the prime factors of (5/x)/(1/(-327))?
109
Suppose -18 = -0*g + 3*g. Let d(p) be the third derivative of -p**6/120 + p**5/30 + 5*p**4/8 - 4*p**3/3 + 850*p**2. List the prime factors of d(g).
2, 5, 19
Suppose -x + 5*h = -5, 5*h + 22 + 3 = 5*x. Suppose -485 = -z - x*k, 14*k - 5 = 19*k. List the prime factors of z.
2, 5, 7
List the prime factors of (3145/(-1258))/((-5)/19376).
2, 7, 173
Suppose 8*y - 9*y - 5*k = 0, 3*y - 4*k - 19 = 0. Suppose -5*l + g + 1501 = y*g, 5*g - 1199 = -4*l. List the prime factors of l.
7, 43
Let y = 30500 - -20504. List the prime factors of y.
2, 41, 311
Suppose 0 = -4*x - 3*i + 32, 11 = -2*x + 5*x - i. Suppose 1312 = x*q - 3473. List the prime factors of q.
3, 11, 29
List the prime factors of 23492 - (114/27 - 2/9).
2, 367
Suppose 4*v + 3 = 83. Suppose 5*l - p = -6*p - 5, -4*p = v. Suppose -3*d = -l*r + 587, -4*r + 583 = -5*d + 6*d. List the prime factors of r.
2, 73
Let c(g) = 3*g**3 + 2*g - 8*g**2 + 3 + 19*g - 6*g - 10*g. What are the prime factors of c(6)?
3, 131
Let f(g) = -14*g - 23. Suppose 6 = 18*q - 19*q. Let y(m) = -13*m - 24. Let t(k) = q*y(k) + 5*f(k). What are the prime factors of t(20)?
3, 7
Let b(x) = x - 13. Let c be b(6). Let j be c/(-21)*(3 - 0) - 25. List the prime factors of (j/(-2))/(-3) + 26.
2, 11
Suppose 0 = -5*i - 3*y + 19349, 5*y + 8147 = 4*i - 7310. List the prime factors of (-12)/(-28) + 0 - i/(-7).
7, 79
Sup